30 - 24?
-54
In base 5, what is 22032 - 10?
22022
In base 3, what is -1121122 - -11?
-1121111
In base 7, what is 42 - 46?
-4
In base 2, what is 10110 + 101?
11011
In base 5, what is 4102 - -114?
4221
In base 9, what is 7 + 6?
14
In base 7, what is -633 + 5?
-625
In base 8, what is 44 + 22?
66
In base 13, what is -5 + 25a?
255
In base 3, what is 11 + -220010?
-212222
In base 12, what is 4374 + 3?
4377
In base 8, what is -232 + -50?
-302
In base 16, what is -1210 + 5?
-120b
In base 4, what is -2120 - -210?
-1310
In base 10, what is -1230 - -3?
-1227
In base 11, what is 297 - -36?
322
In base 16, what is 3 + -6e0?
-6dd
In base 16, what is -5a4 + -5?
-5a9
In base 3, what is -10 - 112201?
-112211
In base 3, what is 1021 - 22?
222
In base 16, what is 1 + -178?
-177
In base 9, what is 0 - -353?
353
In base 3, what is -10010 + -11?
-10021
In base 15, what is 6d2 + -7?
6ca
In base 14, what is 14 - -1b8?
1cc
In base 7, what is 3464 + 2?
3466
In base 2, what is 10 - 10100001100?
-10100001010
In base 15, what is -19 + -8?
-22
In base 5, what is 121 - 0?
121
In base 14, what is -2180 + 4?
-217a
In base 8, what is 105 - -5?
112
In base 8, what is -470 + 10?
-460
In base 8, what is 0 - 5?
-5
In base 15, what is 2 - -43?
45
In base 7, what is 1646 - -12?
1661
In base 4, what is 11 - 1032?
-1021
In base 3, what is 22112 - 202?
21210
In base 7, what is 151 - -16?
200
In base 10, what is 8 + -8?
0
In base 2, what is -101 - 111010000100?
-111010001001
In base 2, what is 111010010 + -10000?
111000010
In base 6, what is -2132 - -4?
-2124
In base 3, what is 20 + -201?
-111
In base 13, what is -3a + 2?
-38
In base 11, what is -43 - -22?
-21
In base 3, what is -222112 - 21?
-222210
In base 9, what is 6 - 285?
-278
In base 5, what is 2 + -11124?
-11122
In base 7, what is -124 - -4?
-120
In base 5, what is -2 + -1323?
-1330
In base 4, what is 0 + 103000?
103000
In base 5, what is 1002 + 110?
1112
In base 14, what is -2 + 283?
281
In base 11, what is -4 - 965?
-969
In base 8, what is 11 + 246?
257
In base 2, what is -1111 - -1000?
-111
In base 3, what is -2000 - -112?
-1111
In base 8, what is 12 - -16?
30
In base 9, what is 1 + -3?
-2
In base 5, what is 100 + -10040?
-4440
In base 13, what is -5 - -362?
35a
In base 13, what is -41 - b?
-4c
In base 3, what is 2 + 10000?
10002
In base 2, what is 101000001 + 11010?
101011011
In base 9, what is 107 - -6?
114
In base 6, what is -245 - 0?
-245
In base 9, what is 64 - -133?
207
In base 2, what is -100011 - -111?
-11100
In base 6, what is -4 + 154?
150
In base 12, what is 43 - -189?
210
In base 16, what is -3c9 + -4?
-3cd
In base 9, what is 5 - -165?
171
In base 4, what is 10 + -3102?
-3032
In base 12, what is 4 - -60?
64
In base 7, what is 1232 + 4?
1236
In base 8, what is -62 + -1?
-63
In base 6, what is 554 - 5?
545
In base 14, what is -10 - 4?
-14
In base 9, what is -63 - 1?
-64
In base 7, what is -141 - -60?
-51
In base 13, what is 49 + 4b?
97
In base 14, what is -8 + 1?
-7
In base 2, what is 11100110000 + 1?
11100110001
In base 10, what is -3 + 182?
179
In base 15, what is 0 - -1e6?
1e6
In base 11, what is -44 - -2?
-42
In base 8, what is 5 + 34?
41
In base 12, what is -35 + -23?
-58
In base 16, what is 17 + 266?
27d
In base 4, what is -123 + -21?
-210
In base 9, what is 16 - -3?
20
In base 4, what is -3 - -2102?
2033
In base 8, what is -46 + 274?
226
In base 15, what is -81 - -4?
-7c
In base 3, what is -221101121 - 2?
-221101200
In base 16, what is 3 - 2?
1
In base 3, what is 22002 + 10?
22012
In base 2, what is -11001 + -110011?
-1001100
In base 15, what is 40 - -1?
41
In base 8, what is 0 + 113?
113
In base 16, what is -2 - 299?
-29b
In base 14, what is -2 - 32?
-34
In base 12, what is -a34 - -3?
-a31
In base 5, what is -101 + -1423?
-2024
In base 5, what is -102 + -10?
-112
In base 8, what is -24 - 103?
-127
In base 2, what is -100 - 11011000?
-11011100
In base 4, what is -10 + -1200?
-1210
In base 3, what is 11 - -11012221?
11020002
In base 6, what is 23 + -105?
-42
In base 3, what is -111022002 + -10?
-111022012
In base 4, what is -11 - -110311?
110300
In base 4, what is -321 + 3?
-312
In base 7, what is -2 - -356?
354
In base 13, what is -13 - 2a?
-40
In base 2, what is -101 + 1111100?
1110111
In base 6, what is -35 + -250?
-325
In base 14, what is 20b + 0?
20b
In base 6, what is 0 - -1015?
1015
In base 5, what is -122 - -13?
-104
In base 5, what is -10 - -200?
140
In base 9, what is -232 + 13?
-218
In base 16, what is -1 + -f8?
-f9
In base 3, what is 2010012 - 0?
2010012
In base 12, what is -184 - -4?
-180
In base 8, what is 2702 + 0?
2702
In base 14, what is -19 + a?
-d
In base 16, what is fd + 4?
101
In base 6, what is 20 - 41?
-21
In base 8, what is -503 - -3?
-500
In base 14, what is -8a - 78?
-124
In base 4, what is 2 + 12100?
12102
In base 16, what is 1e1 - -8?
1e9
In base 13, what is -17 - -7?
-10
In base 10, what is -1043 + 2?
-1041
In base 7, what is -3002 - 3?
-3005
In base 12, what is b - -20?
2b
In base 7, what is -56 - 5?
-64
In base 7, what is 203 + -16?
154
In base 7, what is 0 + -165?
-165
In base 16, what is 4 - 31?
-2d
In base 11, what is 267 + -4?
263
In base 4, what is 12 - -211320?
211332
In base 11, what is 3a + -3?
37
In base 15, what is -3 - -1b6?
1b3
In base 11, what is -8 - 3?
-10
In base 9, what is 43 - -1?
44
In base 10, what is 34 + 1?
35
In base 14, what is 135 + -4?
131
In base 8, what is -1153 - -13?
-1140
In base 12, what is 2 + -191?
-18b
In base 14, what is 3 + -687?
-684
In base 15, what is 5 - 2b?
-26
In base 2, what is -11000 - -1010001111?
1001110111
In base 4, what is -1013 - 113?
-1132
In base 14, what is -2 + -21db?
-21dd
In base 2, what is 1 - -11000?
11001
In base 16, what is -4a - 6?
-50
In base 16, what is 5 + -d9?
-d4
In base 7, what is 1323 + 2?
1325
In base 12, what is 2 + -126?
-124
In base 2, what is -101 + 1000011111?
1000011010
In base 9, what is -77 - -2?
-75
In base 9, what is -6 + -2058?
-2065
In base 8, what is -4 + 52?
46
In base 9, what is 4 + 16?
21
In base 14, what is -36 + -21?
-57
In base 14, what is -5 + 8a?
85
In base 7, what is -166 - 140?
-336
In base 16, what is 3 - b?
-8
In base 16, what is 5a + f?
69
In base 5, what is 2 - 33420?
-33413
In base 10, what is -659 - -29?
-630
In base 11, what is -5 - -2253?
2249
In base 16, what is 4 + -185?
-181
In base 11, what is 4 + 545?
549
In base 10, what is -65 + 2?
-63
In base 15, what is -5 + c64?
c5e
In base 10, what is -25 - 11?
-36
In base 12, what is -3 - -346?
343
In base 5, what is 13 + -1300?
-1232
In base 2, what is -11010 + -10100?
-101110
In base 9, what is 1866 - 3?
1863
In base 2, what is 10001111010 + -1?
10001111001
In base 13, what is 133 - -11?
144
In base 3, what is 12 - -10212?
11001
In base 2, what is 1111010 - -1001?
10000011
In base 16, what is -39 - e2?
-11b
In base 7, what is 3235 - 2?
3233
In base 4, what is 2120 + 10?
2130
In base 5, what is 440 + -4?
431
In base 6, what is 2 + -311?
-305
In base 6, what is 4 + 354?
402
In base 8, what is 35401 - 3?
35376
In base 16, what is 13f + 1?
140
In base 9, what is 6714 + -1?
6713
In base 7, what is 46 - 135?
-56
In base 9, what is 0 - -4?
4
In base 13, what is -9c77 + -1?
-9c78
In base 9, what is 5 + 0?
5
In base 11, what is 6887 + -3?
6884
In base 4, what is -2 + 1322?
1320
In base 12, what is -1 + -53?
-54
In base 14, what is -3 + 1bc?
1b9
In base 5, what is -4 + -112021?
-112030
In base 7, what is 2 + -360?
-355
In base 14, what is -2b - -29?
-2
In base 15, what is 6c1 + 4?
6c5
In base 2, what is -11 + -11110?
-100001
In base 15, what is -ba + -4?
-be
In base 13, what is -a - 134?
-141
In base 3, what is -111221 + -12?
-112010
In base 8, what is -62 - -5?
-55
In base 14, what is 25 - -7c?
a3
In base 14, what is 2 - 462?
-460
In base 7, what is -24522 + 2?
-24520
In base 9, what is -1 - 22?
-23
In base 12, what is 2 + -479?
-477
In base 2, what is 100 - 1101100?
-1101000
In base 5, what is -4 + -110?
-114
In base 3, what is 2020102 - -1?
2020110
In base 8, what is -2 - -315?
313
In base 10, what is 388 - -1?
389
In base 7, what is 11522 - -2?
11524
In base 2, what is -10101001 - -101?
-10100100
In base 10, what is 1 - -10?
11
In base 11, what is 0 + 42?
42
In base 15, what is -25 - 7a?
-a0
In base 6, what is -222 - 13?
-235
In base 